 Let c be w(10). Suppose -c*g + 3*g = -4*g. Let n(p) = 2*p**2 + 3*p + 135. List the prime factors of n(g).
3, 5
Let r = 105 - 100. Suppose 579 - 34 = r*n. List the prime factors of n.
109
Suppose -2*q + 1 + 239 = 0. Let k = q + 85. List the prime factors of k.
5, 41
Let n(h) = 7*h**2 - 5*h - 6. Let o be n(5). Let g = 3186 + -3244. Let f = o + g. List the prime factors of f.
2, 43
Suppose -15*m - 69 = -18*m. Suppose 9*x = m*x - 1722. List the prime factors of x.
3, 41
Let f(t) = 182*t**2 + 12*t - 17. Let n(y) = 183*y**2 + 11*y - 20. Let l(v) = -4*f(v) + 5*n(v). What are the prime factors of l(3)?
2, 11, 19
Suppose 2*h = -20*u + 19*u + 31379, 5*u = 2*h + 156943. List the prime factors of u.
31387
Suppose 0 = -r + 5*r - 32. Let f be r*(20/(-4))/(-10). Suppose f*w = 215 + 37. List the prime factors of w.
3, 7
Suppose -381029 + 89679 = 71*n - 1803863. What are the prime factors of n?
3, 263
Let d(x) = -38*x - 11. Let i(k) = -38*k - 10. Suppose 4*s = 9 + 15. Let a(u) = s*d(u) - 5*i(u). What are the prime factors of a(-3)?
2, 7
What are the prime factors of 4/34 + 352/(-272)*-9319?
2, 3, 5, 67
Let z = 254 + -33. Suppose -z*b - 435 = -226*b. List the prime factors of b.
3, 29
Suppose 5 = m, -j + 1697 - 115 = 4*m. Suppose 80 - 3205 = -4*k + 3*c, -2*k = -2*c - j. What are the prime factors of k?
2, 17, 23
Let t be -1*(-5 + 3) + -3 + 3. Suppose -7*v + 3330 = -t*v. Suppose -9*d + v = -0*d. List the prime factors of d.
2, 37
Let w(t) = 6*t**2 - 139*t - 2804. What are the prime factors of w(117)?
63067
Suppose -r - 2*r + 2*m = -18128, -6036 = -r + 2*m. What are the prime factors of r?
2, 3023
What are the prime factors of ((-1263592)/2988)/((-1)/36)?
2, 11, 173
Let l(c) = -339*c - 381. What are the prime factors of l(-11)?
2, 3, 31
What are the prime factors of -55 + 12 + 23 - -85322?
2, 3, 7, 677
Suppose 410586 = 243*y - 161193. What are the prime factors of y?
13, 181
Let u(p) = 73*p - 238. Suppose 13*z = 221 + 130. List the prime factors of u(z).
1733
Let g = -67 + 43. List the prime factors of 16/g*(1 + -583).
2, 97
Let r(l) be the second derivative of -l**5/20 + 5*l**4/12 + 8*l**3/3 - 13*l**2/2 - 30*l. Let a be r(7). Let j(w) = 195*w - 7. List the prime factors of j(a).
2, 47
Let c(g) = -g**2 + 22*g + 2. Let u = -116 + 120. Suppose -3*r = -3*h - 42, u*h = -5*r + 2*h + 77. What are the prime factors of c(r)?
107
Let h = -4556 + 8710. List the prime factors of h.
2, 31, 67
List the prime factors of ((-14)/(-21))/((-14)/(-37716)).
2, 449
Let z = 28 - 35. Let l(m) = 3*m + 24. Let w be l(z). List the prime factors of (-1 + w - 3) + 43.
2, 3, 7
Let g(o) = o**3 + 3*o**2 + o - 39. Let i be g(5). Let t be (-412)/6 + 2/(-6). Let q = i + t. What are the prime factors of q?
97
Let b(q) = -6*q - 141. Let m be b(-33). Suppose 48*o + 909 = m*o. What are the prime factors of o?
101
Suppose w = 2*w + 3*v + 95, 0 = -5*w - 4*v - 442. Let m = 277 + w. List the prime factors of m.
191
Let f(j) = 110*j - 7. Let v(p) = -2*p**3 - 15*p**2 + 7*p - 5. Let s be v(-8). List the prime factors of f(s).
17, 19
Let h(n) = -70*n + 187. Let y be h(5). Suppose 3*c = 3*p + 789, -c = -0*c + p - 263. Let f = y + c. List the prime factors of f.
2, 5
Suppose 3*c - 22*l - 22688 = -26*l, -4*l = -2*c + 15132. What are the prime factors of c?
2, 31, 61
Let g(z) = 8848*z - 20. What are the prime factors of g(1)?
2, 2207
Suppose -21*i + 25*i + 4*s - 76408 = 0, 3*i = 4*s + 57348. List the prime factors of i.
2, 17, 281
Let x = 16779 - 9273. What are the prime factors of x?
2, 3, 139
Let g = -13 + 18. Suppose -48*f - 15 = -43*f. Let k = g + f. What are the prime factors of k?
2
Let j be ((-7)/(-14))/((-1)/(-20)). Suppose 2*h = -5*f + 1001, -4*f = j + 10. List the prime factors of h.
3, 19
Let t = -51 - -54. Suppose t - 3 = 2*p. Suppose 2*q = -p*q + 120. What are the prime factors of q?
2, 3, 5
Let b(g) = 5*g**3 - 59*g**2 - 68*g - 47. What are the prime factors of b(16)?
4241
Let u be (-1*(-7 - -8))/(-1). Let f(b) = 370*b**2 + 1. What are the prime factors of f(u)?
7, 53
Suppose 139620 + 397206 = 17*y. List the prime factors of y.
2, 3, 19, 277
What are the prime factors of (-27)/3 - (137508 + 0)/(-2)?
3, 5, 4583
Suppose 0 = 38*v - 35*v + 12. Let i be 2*3/(-6)*-1. What are the prime factors of (-31*2/8)/(i/v)?
31
Let n(f) be the second derivative of f**5/60 - f**4/6 + 3*f**3 - 15*f**2 - 6*f. Let k(d) be the first derivative of n(d). List the prime factors of k(9).
3, 7
Let l(k) = -153*k**2 - 5*k + 8. Let n(z) = 155*z**2 + 4*z - 6. Let v(q) = 2*l(q) + 3*n(q). What are the prime factors of v(-2)?
2, 3, 5, 7
Let n(m) = 79266*m**2 + m - 1. List the prime factors of n(-1).
2, 2477
Let z(y) = y**3 + 35*y**2 + 36*y + 67. Let r be z(-34). List the prime factors of 909/2*-2*r/1.
3, 101
Suppose k + k = 4454. Suppose -3*m = 4*c - k + 9, -c + 561 = 4*m. Suppose -5*r + c + 217 = 0. List the prime factors of r.
2, 7, 11
Let q(n) be the second derivative of -n**5/20 + 7*n**4/6 + 17*n**3/6 - n**2/2 - n. Suppose -60 = -76*b + 72*b. What are the prime factors of q(b)?
29
Let y = 205 + -75. Let a(f) = -3*f**2 + 9*f + 3. Let x be a(7). Let b = y + x. What are the prime factors of b?
7
Suppose -75*z - 67*z + 137*z = -26870. List the prime factors of z.
2, 2687
Let q(s) = -14*s + 440. What are the prime factors of q(-76)?
2, 47
Suppose -14984 = -17*c + 469. Suppose -l - c = -x, x - 5*l + 0*l - 917 = 0. What are the prime factors of x?
907
Suppose 4*x - 4*b - 24756 = 0, -5*b + 605 - 19170 = -3*x. What are the prime factors of x?
2, 5, 619
Suppose 0 = -18*f - 2880 + 25326. Suppose 5342 = 13*p + f. What are the prime factors of p?
3, 5, 7
Let g(l) = l**2 - l - 208. Let q be g(0). Let r = 311 + q. Suppose -283 = -3*u - r. What are the prime factors of u?
2, 3, 5
Let v(i) = 157*i - 11. Let m be v(5). Suppose 0 = x + 8*x - m. Suppose -x = -3*o + 79. What are the prime factors of o?
5, 11
Let j = 32393 + -13971. What are the prime factors of j?
2, 61, 151
Let a = 5608 + 1487. Suppose -a = 46*s - 39203. What are the prime factors of s?
2, 349
Suppose -7*z - 16*z + 872819 - 125940 = 0. What are the prime factors of z?
7, 4639
Let c be 4 - (-72 + 0 - -3). Let l = c - -134. List the prime factors of l.
3, 23
Let o(l) = -6*l**2 + 2*l - 1. Let y be o(1). Let a be 1*4*(y - (-18)/3). Suppose 5*j - 429 = -3*f + 454, 3*f - 707 = -a*j. List the prime factors of j.
2, 11
Suppose 5*r - 25296 = -4*f + 3*r, -2*f + 12644 = 3*r. Suppose 9*s + 14*s - f = 0. List the prime factors of s.
5, 11
Suppose 5*q - 471 + 2231 = 0. What are the prime factors of (-2)/(-11) - (-16)/(q/(-33634))?
11, 139
Suppose 2*m + 33 = 3*d, d - 2*m - 22 = -5*m. What are the prime factors of -5 + d + -11 + 1*848?
5, 13
Let h(n) be the first derivative of 4/3*n**3 - 13/2*n**2 + 4*n + 38. List the prime factors of h(6).
2, 5, 7
Let q(c) = 26*c**2 + 5*c + 17. Let r be (-31)/7 + 144/(-252). List the prime factors of q(r).
2, 3, 107
Let l be ((-1147)/62)/((-3)/6). Suppose 25*k + 16212 = l*k. What are the prime factors of k?
7, 193
Suppose -95 = -12*z + 541. Let j = 509 - z. List the prime factors of j.
2, 3, 19
Let l(v) = -v**3 + 4*v**2 + 8*v - 8. Let r be l(7). What are the prime factors of 4 - 3 - r - (7 + -9)?
2, 3, 17
Suppose -2*r - 3*s + 334 = 0, -4*r + 2*r + 334 = -5*s. Let h = 864 - r. What are the prime factors of h?
17, 41
Suppose 20 = -3*m - 2*m, -16 = -4*a + 2*m. Let r(g) = -5*g - 1. Let l be r(-1). Suppose -b = l*q - 124, 0 = -3*b + 7*b + a*q - 468. List the prime factors of b.
2, 29
Suppose -50*j + 49*j - u + 97021 = 0, 3*u + 97037 = j. What are the prime factors of j?
5, 3881
What are the prime factors of ((-1163)/(-3) + 1)/(28/(-30) - -1)?
2, 5, 11, 53
Let q = 242 + -228. Let l(r) = -r**2 + 19*r + 11. List the prime factors of l(q).
3
Let l(g) = -g**2 - 35*g - 74. Let n be l(-32). Let v(t) = -2*t - 2 + 0 + n - t. What are the prime factors of v(-5)?
5, 7
Suppose 28*l = -64*l + 574356. What are the prime factors of l?
3, 2081
What are the prime factors of 14*(174/116 + (-12678)/(-28))?
2, 3, 5, 53
Suppose 5*o + 0*o - 250 = 0. Let w = -48 + o. Suppose w*v - 43 = -11. List the prime factors of v.
2
Suppose 12 = 4*c, -10*x - 19661 = -15*x - 2*c. What are the prime factors of x?
3931
Let x(l) = 3*l**3 + 6*l**2 + 2*l - 15. Let m be x(5). Let q = m - 412. List the pr